e greatest common divisor of 158 and 553.
79
What is the greatest common factor of 20 and 164?
4
Calculate the greatest common factor of 1991 and 22.
11
Calculate the highest common divisor of 84 and 532.
28
What is the highest common divisor of 36 and 21?
3
Calculate the highest common divisor of 384 and 10112.
128
Calculate the highest common factor of 126 and 126.
126
Calculate the greatest common factor of 2257 and 37.
37
What is the greatest common factor of 4429 and 43?
43
Calculate the greatest common factor of 50 and 950.
50
What is the greatest common factor of 1284 and 48?
12
What is the highest common factor of 13589 and 254?
127
What is the highest common divisor of 72 and 81?
9
Calculate the highest common divisor of 1391 and 13.
13
Calculate the greatest common divisor of 72 and 6462.
18
Calculate the highest common factor of 128 and 88.
8
What is the highest common divisor of 70 and 80?
10
What is the greatest common divisor of 273 and 65?
13
Calculate the highest common factor of 258 and 36.
6
Calculate the highest common factor of 24 and 672.
24
What is the highest common factor of 1316 and 112?
28
Calculate the greatest common divisor of 32 and 1936.
16
What is the greatest common divisor of 32 and 11792?
16
Calculate the highest common divisor of 2 and 326.
2
Calculate the greatest common divisor of 2428 and 4.
4
What is the highest common divisor of 96 and 7968?
96
Calculate the greatest common divisor of 275 and 425.
25
Calculate the greatest common factor of 34 and 2482.
34
What is the highest common factor of 1216 and 266?
38
What is the greatest common factor of 55 and 13805?
55
What is the greatest common factor of 44 and 76?
4
What is the greatest common factor of 21 and 21?
21
Calculate the highest common factor of 11 and 12.
1
What is the greatest common divisor of 12 and 28?
4
Calculate the greatest common divisor of 32 and 224.
32
What is the highest common divisor of 4992 and 13?
13
Calculate the highest common divisor of 56 and 72.
8
Calculate the highest common factor of 209 and 152.
19
What is the highest common factor of 1067 and 679?
97
What is the greatest common factor of 294 and 784?
98
What is the highest common factor of 1568 and 1666?
98
Calculate the greatest common divisor of 5967 and 221.
221
Calculate the greatest common divisor of 2960 and 20.
20
What is the highest common divisor of 97 and 3?
1
What is the highest common factor of 370 and 50?
10
Calculate the highest common factor of 288 and 324.
36
What is the greatest common factor of 257 and 1?
1
Calculate the highest common factor of 5551 and 7.
7
What is the greatest common factor of 418 and 1342?
22
Calculate the highest common divisor of 1110 and 30.
30
Calculate the greatest common factor of 59 and 1593.
59
Calculate the greatest common divisor of 259 and 1628.
37
Calculate the highest common divisor of 96 and 4512.
96
What is the greatest common divisor of 272 and 160?
16
What is the greatest common factor of 648 and 144?
72
What is the highest common divisor of 31560 and 12?
12
Calculate the greatest common factor of 360 and 45.
45
What is the greatest common divisor of 124 and 17422?
62
Calculate the greatest common factor of 54 and 594.
54
Calculate the highest common divisor of 938 and 14.
14
What is the highest common divisor of 33 and 72171?
33
Calculate the greatest common divisor of 10660 and 26.
26
What is the greatest common divisor of 8549 and 83?
83
Calculate the greatest common divisor of 361 and 38.
19
What is the greatest common divisor of 185 and 995?
5
What is the greatest common factor of 5018 and 13?
13
What is the highest common divisor of 3078 and 152?
38
What is the highest common divisor of 24 and 180?
12
What is the greatest common factor of 64 and 32?
32
What is the highest common divisor of 63 and 63?
63
Calculate the greatest common divisor of 3940 and 8.
4
What is the greatest common factor of 1 and 167?
1
What is the highest common factor of 833 and 17?
17
What is the highest common divisor of 60 and 45?
15
What is the highest common factor of 57 and 19266?
57
What is the greatest common divisor of 90 and 3411?
9
Calculate the highest common divisor of 896 and 112.
112
What is the greatest common factor of 14 and 133?
7
Calculate the greatest common factor of 36002 and 47.
47
What is the greatest common divisor of 4 and 34?
2
Calculate the highest common divisor of 1644 and 685.
137
Calculate the highest common factor of 292 and 40.
4
What is the highest common divisor of 5 and 405?
5
Calculate the highest common divisor of 1984 and 1085.
31
What is the highest common factor of 378 and 294?
42
What is the greatest common factor of 19 and 551?
19
Calculate the highest common factor of 858 and 1053.
39
What is the highest common factor of 1156 and 204?
68
What is the highest common factor of 35 and 190?
5
Calculate the highest common divisor of 4264 and 26.
26
What is the greatest common divisor of 38 and 2?
2
Calculate the highest common divisor of 32 and 10.
2
Calculate the greatest common divisor of 195 and 26.
13
Calculate the highest common divisor of 3890 and 90.
10
Calculate the greatest common factor of 7777 and 231.
77
Calculate the highest common divisor of 24 and 166.
2
What is the highest common divisor of 2125 and 17?
17
Calculate the greatest common divisor of 22 and 682.
22
What is the greatest common factor of 261 and 7395?
87
Calculate the highest common factor of 527 and 31.
31
What is the highest common factor of 90 and 300?
30
Calculate the greatest common divisor of 696 and 783.
87
What is the greatest common divisor of 375 and 15?
15
Calculate the highest common divisor of 56 and 252.
28
Calculate the greatest common divisor of 19789 and 22.
11
What is the greatest common factor of 20 and 8?
4
Calculate the highest common divisor of 6 and 6.
6
What is the greatest common divisor of 4032 and 120?
24
Calculate the greatest common divisor of 1606 and 6.
2
Calculate the highest common factor of 4 and 4.
4
Calculate the highest common factor of 231 and 22.
11
What is the highest common divisor of 4097 and 17?
17
What is the greatest common divisor of 224 and 196?
28
Calculate the highest common factor of 87 and 609.
87
Calculate the highest common divisor of 72 and 1944.
72
Calculate the greatest common divisor of 480 and 1056.
96
Calculate the highest common divisor of 168 and 2436.
84
What is the greatest common factor of 10 and 37290?
10
What is the highest common factor of 10290 and 30?
30
Calculate the greatest common factor of 287 and 123.
41
Calculate the greatest common factor of 12243 and 21.
21
What is the highest common factor of 217 and 1736?
217
What is the greatest common factor of 2133 and 7584?
237
Calculate the highest common divisor of 40 and 180.
20
What is the highest common divisor of 35 and 335?
5
Calculate the greatest common divisor of 54 and 108.
54
Calculate the highest common divisor of 380 and 1780.
20
What is the greatest common factor of 18 and 81?
9
What is the greatest common factor of 512 and 32?
32
Calculate the greatest common divisor of 22 and 4070.
22
Calculate the highest common divisor of 635 and 360.
5
What is the highest common divisor of 1 and 9?
1
What is the highest common factor of 6715 and 85?
85
What is the greatest common divisor of 30 and 17445?
15
What is the highest common factor of 175 and 7?
7
What is the greatest common divisor of 15 and 41835?
15
What is the greatest common factor of 40 and 128?
8
Calculate the greatest common divisor of 32 and 16.
16
Calculate the greatest common factor of 344 and 32.
8
Calculate the greatest common factor of 450 and 9300.
150
What is the highest common factor of 1328 and 32?
16
What is the highest common factor of 111 and 52836?
111
What is the highest common divisor of 38 and 1634?
38
Calculate the highest common factor of 7 and 511.
7
What is the highest common factor of 572 and 5356?
52
What is the highest common factor of 408 and 4352?
136
Calculate the greatest common divisor of 604 and 63722.
302
Calculate the highest common divisor of 4623 and 138.
69
Calculate the highest common factor of 11382 and 42.
42
Calculate the greatest common factor of 99 and 33.
33
What is the greatest common factor